1
Let k be (-2)/12 + 26/12. Let p be (1 - -8*k)/1. What is the units digit of p/2 - (-2)/(-4)?
8
Let i = 26 - 6. What is the tens digit of i?
2
Suppose -13 = 2*n - 73. What is the units digit of n?
0
Let k(h) be the second derivative of h**6/60 + h**5/60 + h**4/24 + h**3/2 + 2*h. Let f(m) be the second derivative of k(m). What is the tens digit of f(-2)?
2
Let k be 4/(8/2)*42. Let a = -6 + k. What is the units digit of a?
6
Let x(k) = -4*k**2 - 9. Let m(o) = -3*o**2 - o - 8. Let q(i) = 5*m(i) - 4*x(i). What is the units digit of q(6)?
2
Suppose 0 = -7*l + 5*l + 68. What is the units digit of l?
4
Suppose 0 = -4*u + 3*z - 4, 22 = 5*z + 2. Let m(a) = 10*a - 2*a - u + 1. What is the tens digit of m(2)?
1
Suppose o - 36 = -3. What is the tens digit of o?
3
Let l(d) = -d**2 - d. Let f be l(0). Suppose f = -2*s - 4 + 60. What is the tens digit of s?
2
Let w(h) = -h**3 + 10*h**2 + 12*h - 8. Let b be w(11). Suppose -4*j - 1 = 5*i - 30, b*i + j - 16 = 0. What is the units digit of i?
5
What is the tens digit of 696/(-8)*(-2)/6?
2
Suppose 2*o - 17 = -3. Let h(z) = 8*z + 0*z**2 + o + 5 - z**2. What is the units digit of h(9)?
3
Suppose 5*b + 25 - 4 = -2*l, 0 = 4*l + 5*b + 17. Suppose 2*h = -l*h + 104. What is the units digit of h?
6
Let v(n) = -n**2 - 9*n - 2. Let t be v(-9). What is the tens digit of (-9)/(-1) - t/2?
1
What is the units digit of (1 + 4/(-2))*3 + 171?
8
Let o(y) = y**2 + 10. Let c be o(-7). Let q = c - 38. What is the tens digit of q?
2
Let h = -638 + 1073. What is the units digit of h?
5
Let o = 107 + -22. What is the units digit of o?
5
Let r(j) = -j - 2. Let a be r(-5). Suppose 6*d - a*d = 0. Suppose 2 = 4*h - 2*x, -4*h + 11 = -d*h + x. What is the units digit of h?
2
Let u(s) = s**2 - s + 1. Let v be u(2). Suppose v*w = -w + 8. What is the units digit of w?
2
Let c(d) = -d**2 + 3*d + 3. Let t be c(3). Suppose -51 = -t*n - 0*n. What is the units digit of n?
7
Let h(b) = b**3 - 16*b**2 + 5*b - 14. What is the units digit of h(16)?
6
Suppose 111 = 2*g - 15. What is the units digit of g?
3
Let i be (-2)/(-9) + (-22)/18. Suppose -4*l + 51 = 11. Let y = l - i. What is the tens digit of y?
1
Let m be (-4 + 0)*(-6)/6. Let d(r) = -r**2 + 6*r - 5. Let h be d(m). What is the units digit of (h + 5)*(-10)/(-8)?
0
Suppose 3*g + 15 = 0, 2*g - 6*g - 50 = -5*n. Let j(q) = 11*q + 8. Let s(m) = -11*m - 7. Let b(c) = n*j(c) + 7*s(c). What is the units digit of b(-1)?
0
Let h(s) = -s**3 + 6*s**2. Let g be h(6). Suppose 0 = -g*r + 5*r - 5*a - 70, 5*r - 64 = 2*a. What is the units digit of r?
2
Let u(n) = -n**2 - 15*n - 20. What is the tens digit of u(-12)?
1
Let p = 4 + -2. Let w = -7 + 10. Suppose w*m = -k + 2*m + 12, -p*k + 4 = -2*m. What is the units digit of k?
7
Suppose 3*d = -5*h - 0*d + 319, 126 = 2*h + 2*d. What is the tens digit of h?
6
Let l = 6 + -2. Suppose 2*v + 2*s = 12, 0*v - 19 = v - l*s. Suppose -2*r - 2*r - 3*o + v = 0, -2*r - 5*o - 3 = 0. What is the units digit of r?
1
Let m be -2*6/(-4) + 16. Let j = -4 + 6. What is the units digit of m/j + 2/(-4)?
9
Let a(h) = 4*h**2 - 13*h + 26. What is the units digit of a(11)?
7
What is the tens digit of -15*(-64)/24*(-37)/(-4)?
7
Suppose 2 = 2*i - 3*i. Let s be ((-12)/i)/3 + 0. Let a(y) = 5*y - 1. What is the units digit of a(s)?
9
Let y be 24/(-56) - (-3)/7. What is the units digit of (23 - 10)*(3 + y)?
9
Suppose 12 = 3*p + 3. Let u = -3 - p. What is the units digit of (1/2 + -3)*u?
5
Suppose -4*c + j = -0*j + 3, -4*c - 2*j + 6 = 0. Suppose 3*p = 3*q + 33, -4*p + q = -c*p - 38. What is the units digit of p?
9
Suppose 2 = 2*b - 0*b. Let h = 39 + b. Suppose -6*g = -g - h. What is the units digit of g?
8
Let y = 1 + -1. Let t = y - 0. Let l = 1 + t. What is the units digit of l?
1
Suppose 0*b + 4*b = -8. What is the units digit of (-9)/(-2)*b/(-3)?
3
Let a = -8 - -8. Let o(v) = -v + 36. What is the units digit of o(a)?
6
Let g = 30 + -1. Suppose 5*j + g = -1. Let z = 13 + j. What is the units digit of z?
7
Suppose 0 = 3*v - y - 8, -5 = -v - 3*y + y. Suppose 0 = -5*x + 4*x + v. Suppose 2*u + 12 + 2 = 2*b, 0 = -4*b + x*u + 27. What is the units digit of b?
6
Suppose -5*p - 4*t - 10 = t, 3*t = 5*p - 6. Let w(l) = -l**2 + 34. What is the units digit of w(p)?
4
Let v(p) = -p + 11. Let r be v(8). Suppose -4*w + 17 + r = 0. What is the units digit of w?
5
Suppose -g + 6 = -4*g. Let l be 10/(-4)*(g + 6). What is the units digit of (14/(-3))/(l/15)?
7
Suppose 2*i + 22 = 174. What is the units digit of i?
6
Suppose -5 = 3*p - 0*u - 2*u, 20 = -4*u. Let r = p + 7. What is the units digit of (10 + r)*(-4)/(-6)?
8
Suppose 3*a - 812 = -11*a. What is the tens digit of a?
5
Suppose -2*t + 3 + 15 = 0. Suppose 0 = 2*n + 2*x - 6*x - 12, n - t = -x. Let y = 2 + n. What is the units digit of y?
0
Let a(d) = -6*d**3 - d**2 - 6*d - 3. Let j(h) = h**3 + h**2 + h. Let o(m) = a(m) + 5*j(m). Let w = 2 - -1. What is the units digit of o(w)?
3
Let w be -2 + (2 - 1)*-6. Let k = w + 15. Let p = k + -5. What is the units digit of p?
2
Let k = -2 + 7. Suppose 78 + 112 = k*f. What is the tens digit of f?
3
Let x(a) be the first derivative of 22*a**2 + a - 6. What is the tens digit of x(1)?
4
Let l be (2/4)/(12/48). What is the units digit of (30/25)/(l/5)?
3
Let m be (-1 - -1)/(1*-3). Suppose 2*j = 5*o - 10, m = -3*o + 6*o - 5*j + 13. Suppose -4*q + 2*s + 2*s = -40, -o*q + s = -37. What is the units digit of q?
9
Let c be (60/9 - 4)*9. Suppose 2*g - 14 = -2*q, 3*g = 2*g + 5. Suppose -2*i - q*i + c = 0. What is the units digit of i?
6
Let t(h) = -h**3 + 5*h**2 - 3. Let b be t(4). Suppose -2*o + b = -13. What is the units digit of o?
3
Suppose -18 = 3*t + 21. Let o = t - -20. What is the units digit of o?
7
Let k = 257 - 131. What is the tens digit of k?
2
Let n(k) = 3*k + 1. Let i be n(1). Suppose -m - x + 6 = 0, i*x - 6 - 3 = m. What is the units digit of m?
3
Let z be 44/(-12)*(-3 + 0). Suppose -14*m + 132 = -z*m. What is the tens digit of m?
4
Let d(s) = -2*s - 6. Let j be d(-6). Let g be 615/j*(-8)/(-10). Suppose 0*b + 3*b + 3*q = 60, 0 = 4*b + 5*q - g. What is the tens digit of b?
1
Let c(r) be the first derivative of r**3/3 - 3*r**2 + 4*r - 2. What is the units digit of c(6)?
4
Suppose 2*v - 4 = 5*i, v = 2*v - 3*i. Let z(u) = 8 + v*u + u**2 + u + 5. What is the units digit of z(-12)?
1
Let s = 5 + -5. Suppose 12*w - 9*w - 120 = s. What is the tens digit of w?
4
Suppose -c = -0*c. Suppose 0 = 3*t - 4*y - 60, 3*y - 2*y + 3 = c. What is the tens digit of t?
1
Let t = -2 - 0. Let i(l) = -l**2 - 2*l + 2. Let a be i(t). Let j = 4 - a. What is the units digit of j?
2
Let o be -1 - 2 - (1 - -17). Let y = 41 + o. Suppose 2*q + y = 2*b, 2*b - 26 = -3*b - 3*q. What is the units digit of b?
7
Let a = -6 - -16. What is the units digit of (-3*1)/((-5)/a)?
6
Let l = -61 - -114. Suppose l - 3 = 5*r. What is the units digit of r?
0
Let t = -280 + 630. What is the tens digit of t?
5
Let s(l) = 4*l - 6. Let f be s(4). Let x = 5 - 12. Let k = f + x. What is the units digit of k?
3
Suppose -1380 = -2*b - 3*b. What is the hundreds digit of b?
2
Let g(y) = -6*y**2 + 5*y**2 + 2 + 1 + 0*y + 5*y. Suppose 0 = -2*s + 5 + 5. What is the units digit of g(s)?
3
Let n be 12*(-26)/(-18)*3. Let q = n - 31. What is the units digit of q?
1
Let y = -2 - -2. Let u be 1 + (0 - (y - 0)). Let t = 0 + u. What is the units digit of t?
1
What is the tens digit of -7*(3 + (-5)/1)?
1
Let l = 87 + -46. What is the tens digit of l?
4
Suppose 2*l + 0*l = -5*s - 1, -3*l + 3*s = -9. Suppose 0 = m + 5*z + l - 0, -z - 2 = 0. What is the units digit of m?
8
Suppose -3*h = -8*h + 40. Suppose 2*d = -2, -h = -2*u - 6*d + 2*d. What is the units digit of u?
6
Let l(z) = z**2 + 9*z - 11. Let u(p) = 2*p**2 + 18*p - 21. Let x(j) = -5*l(j) + 2*u(j). What is the tens digit of x(-9)?
1
Let d be 0/(-2)*2/(-4). Let b be -6 - 3 - (0 + d). What is the units digit of (-1)/((b/33)/3)?
1
Suppose 0 = -21*v + 26*v - 375. What is the units digit of v?
5
Let k = -3 - -1. Let p(x) = -4*x**3 - 2*x**2 - x - 1. What is the tens digit of p(k)?
2
Let r(f) = -3*f - 4. Let n be ((-14)/(-35))/((-1)/(-10)). Let g(q) = -3*q + 6. Let x be g(n). What is the units digit of r(x)?
4
Suppose 3*p = 5*f + 20, p - 8*f = -3*f + 10. Suppose 3*b - p*b = -20. What is the tens digit of b?
1
Suppose 2*h + 4*f + 28 = 0, 3 +